g). Give c(-6).
3
Let r(v) be the second derivative of v**3 + 15*v**2/2 + v + 11. Calculate r(7).
57
Let x be 2 + 1 - ((-12 - -13)*-4 - -6). Let c(q) = 3*q - 6*q + 3 - q. What is c(x)?
-1
Let h(l) = l**3 - 2*l**2 - 47*l - 2. Let z be ((-33)/3 - 2) + 21. Give h(z).
6
Let y(f) be the first derivative of f**4/4 + 6*f**3 + 17*f**2/2 + 4*f + 9. Let o be y(-17). Let v(l) = -o + l - 6 + 1. What is v(-7)?
-16
Let g(l) be the first derivative of 4*l - 198 - 2/3*l**3 - 3/2*l**2 + 1/4*l**4. Determine g(3).
4
Let k(a) be the third derivative of -3*a**5/4 + a**4/8 - a**3/3 + 2*a**2 + 730. What is k(1)?
-44
Let s(m) = -5*m**2 + 3*m + 2. Suppose -9*h = -17*h - 0 - 8. Determine s(h).
-6
Let o(l) = 11*l**3 + 5*l - 7. Let c(k) = 16*k**3 + 7*k - 10. Let h(x) = 5*c(x) - 7*o(x). Let q(m) = 5*m + 76. Let a be q(-15). What is h(a)?
2
Suppose 3*y + 2*o - 14 = -2*o, 4*y - 4*o = 56. Let r(x) = -1426878 + x + 2853735 - 1426855. Determine r(y).
12
Suppose 844 = 698*y - 552. Let u(o) be the first derivative of 3*o**4/4 - o**3/3 + o**2 + o - 1. Determine u(y).
25
Suppose -2*v + 5*f + 288 = 0, -3*v + 220 = -4*f - 226. Suppose -20*r + 46 + v = 0. Let g(m) = -2*m + 19. Determine g(r).
-1
Let t be ((-9)/(-2))/(-2 - (-56)/16). Let r(i) = -18*i**2 + 309 + 320 - 16*i - i**t - 622. What is r(-17)?
-10
Let f(x) = 2*x**2 + x + 1. Let j(q) be the first derivative of -9*q**2/2 - 118*q + 66. Let p be j(-13). Give f(p).
2
Let o(w) = -1. Let l(s) = -s**2 + 2*s + 1. Let n be l(3). Let g(z) = z. Let v(h) = n*o(h) - 2*g(h). Let u = 160 - 166. Give v(u).
14
Let v(k) be the third derivative of -7*k**5/60 - k**4/4 - 4*k**3/3 - k**2 - k - 345. Determine v(-1).
-9
Suppose -17 = -u + 9*s - 6*s, -6*s - 19 = u. Let v(x) = x**2 - 9*x + 17. Calculate v(u).
-3
Let v(f) = 2*f - 7. Let s be v(11). Let n(i) = -4*i**2 + s*i**2 + 10 - 6*i - i**3 - 4*i. Give n(10).
10
Let c(s) = -26*s + 288. Let z(g) = -11*g + 118. Let p(b) = -5*c(b) + 12*z(b). What is p(-10)?
-4
Let m(t) = -t**2 + 7*t - 2. Let i(w) = w**3 + 2*w + 66. Let n be i(0). Let r be n + -1 - ((-8)/(-4) + -6). Let b = r + -63. Calculate m(b).
4
Let l(u) = 4*u**2 + 48*u - 1. Let m be l(-13). Let q(h) = -28*h - 23*h + m*h - 2*h**3 - h**2. Calculate q(-1).
1
Let s(j) be the second derivative of -j**6/120 - 7*j**5/60 + 7*j**4/24 - 7*j**3/6 + 63*j**2/2 + 25*j. Let v(a) be the first derivative of s(a). What is v(-8)?
1
Let g(b) = -14*b + 39. Let o(r) = 63*r - 142*r + 21 + 73*r. Let y(x) = 2*g(x) - 5*o(x). Determine y(16).
5
Let x(g) = -g**2 + 38*g + 120. Suppose k = p + 43, -4*k = -28*p + 31*p - 158. Determine x(k).
-3
Suppose -v - 10 = -3*q, -9*q - 4*v = -4*q - 11. Let b(h) = h**3 - 4*h**2 - 4. Calculate b(q).
-13
Let p(k) = k**3 - 3*k**2 + 8*k - 18. Let m(v) = 956*v + 6695. Let i be m(-7). What is p(i)?
6
Let q(d) = -d**3 - 6*d**2 + 9*d + 3. Let k be 111/21 + (10/(-7))/5. Suppose -2 = -4*r + 4*b - 10, 0 = r - k*b - 18. Calculate q(r).
-11
Let d(x) = -2*x + 6. Suppose -52*w = -55*w + 111. Suppose 25*m = w*m - 84. Determine d(m).
-8
Let f(i) = 2*i**2 + 14*i - 27. Let a = 5372 - 5380. Give f(a).
-11
Let n(v) = 2 - 12*v - 4*v + 2*v - 77*v**2 + 79*v**2 - 5*v. Let k(r) = r**3 - r**2 - 2*r - 3. Let b be k(3). Calculate n(b).
-7
Suppose b + 12 = 4*b. Let m(g) be the second derivative of -2*g**3 + 17*g**2/2 + 932*g. Let w(o) = -4*o + 6. Let f(d) = b*m(d) - 11*w(d). What is f(-2)?
10
Let u(s) = 5*s - 69. Let h(g) = 14*g - 195. Let x(q) = -8*h(q) + 22*u(q). Give x(23).
-4
Let t(l) = l**2 - 10*l + 4. Let x(i) = -i**3 + 7*i**2 - 9*i. Suppose 5*j = 3*h - 6, 0 = 2*h - 3*j - 0*j - 4. Let k be h*(-3)/4*-2. Let f be x(k). What is t(f)?
-5
Let s be (-3)/2*(-24)/9. Let j(i) = -i**3 + 5 - 5 + 3 + s*i. Suppose 14*z + 26 = -2. Calculate j(z).
3
Let m(z) be the first derivative of z**4/4 - 4*z**3/3 - 2*z**2 - 7*z - 138. Let q be -2 + (-4 - -8) + 3. Determine m(q).
-2
Let y(d) = 2*d**2 - 32*d + 22. Let a be 12*22/(-4488) - (-444)/34. Calculate y(a).
-56
Let m(v) = -9*v**2 - 7*v - 13. Let s(u) = 11*u**2 + 5*u + 8. Let b(x) = 2*m(x) + 3*s(x). Give b(1).
14
Let n(f) be the second derivative of -f**4/12 - f**3 + f**2 + 174*f. Let q be 0/(-1 + 1 - 2). Suppose q = 3*k + 15 + 3. What is n(k)?
2
Let r(x) = 11 + 0*x - 10*x - 2*x + 20*x - x**2 - 7*x. Suppose -4*g = -2*g. Give r(g).
11
Let q(v) = -29*v - 18. Let o(i) = 19*i + 18. Let l(x) = 4*o(x) + 3*q(x). What is l(2)?
-4
Let h(r) be the third derivative of -7*r**4/24 + 37*r**3/2 - 8*r**2 - 7*r. What is h(15)?
6
Let c = -7 + 2. Let m(y) be the first derivative of y**3 + 7*y - 3*y**2 + 58 + 1/4*y**4. Give m(c).
-13
Let s(h) = 22*h**3 + 1. Suppose -7*m + 105 = 84. Suppose z + 3*z - 6 = 2*n, 2*z - m*n - 5 = 0. Calculate s(z).
23
Let a be (14 + -16)/(-1 + 17/15). Let x be a + 3*(-20)/12 + 3. Let b be (x/(-17))/((1*2)/(-2)). Let j(f) = 14*f. Calculate j(b).
-14
Let t = 117 - 121. Let d be ((-9)/(-2) + t)/(2/12). Let a(f) = -f**3 + 7*f**2 + 5*f - 4. Let k(l) = l**2 + l - 1. Let j(h) = -a(h) + 5*k(h). What is j(d)?
8
Let a(n) = -n**2 + 23*n - 109. Let p be a(7). Let k(z) = 4 - 5*z**2 - 6 + 7 + 11*z**2 - 5*z**2 + p*z. Calculate k(-5).
15
Let s(k) = -7*k**3 - 7*k**2 - 4*k - 3. Let i be s(-2). Let g(y) = y**2 - 28*y - 179. Determine g(i).
-14
Let q = -385 - -398. Let p = -2 - -4. Suppose q*b - p = 11*b. Let v(f) = -2*f + 1. Give v(b).
-1
Let v = 1025 - 306. Let y = -730 + v. Let k(s) = 2*s + 24. Determine k(y).
2
Let l(f) = 4*f**3 + f**2 - 2*f - 2. Let w(i) = -3*i**3 + 2*i**2 + i + 3. Let h(j) = -2*l(j) - 3*w(j). Let t be (-3)/((-38)/16 + 2). Give h(t).
3
Suppose 175 + 295 = 47*s. Let c(b) = 2*b - 11. Let n(x) = 3*x - 22. Let m(o) = -7*c(o) + 4*n(o). Calculate m(s).
-31
Let c(n) = -27*n**3 + 4*n**2 - n - 7. Let x be c(-3). Let w(l) = x + l - 249 - 256 - 250. Suppose -4*v - p - 40 = 3*p, -2*p = v + 12. Give w(v).
-2
Let v(y) = 5*y**3 + 2*y**2 - 4 - 2*y - 4*y**3 - 6*y**2. Suppose -42*f + 23*f - 76 = 0. Let i be (-1 - 1)*(-2)/(-4)*f. What is v(i)?
-12
Suppose -9 = -5*c + 6. Let u(w) = -179*w**2 + 10*w - 25. Let l(v) = -246*v**2 + 13*v - 34. Let b(p) = -8*l(p) + 11*u(p). What is b(c)?
6
Suppose 46 + 30 = 4*z. Let h = z - 9. Let r(d) = 2*d - 21. Let x(a) = -a + 10. Let b(i) = 6*r(i) + 13*x(i). Give b(h).
-6
Let h(s) = 9*s**2 - 6*s + 2. Let o(k) = k**3 + 12*k**2 - k - 11. Let d be o(-12). Determine h(d).
5
Let l(c) be the third derivative of c**6/120 - c**5/60 + c**4/8 - 5*c**3/6 + 1408*c**2. Give l(2).
5
Let s(f) be the second derivative of 0 - f**2 + 2*f + 1/2*f**3. Let w = 11763 - 11761. Calculate s(w).
4
Let z(x) = -2*x. Let k be z(-2). Let v(h) = -3 + h**2 + 7*h + 1 + k + 2. Let y be 1 + 24/(-2 + -1). What is v(y)?
4
Suppose -3*d - 3*g = -1 + 4, -3*d + g = -5. Let b(n) be the first derivative of -n**4/4 - n**2/2 + n - 456. What is b(d)?
-1
Let s(q) = -7*q**3 + 24*q**2 - 3*q - 10. Let r(g) = -6*g**3 + 21*g**2 - 3*g - 9. Let b(o) = -8*r(o) + 7*s(o). Determine b(2).
0
Let w(u) = 13*u**2 + 60*u + 10. Let p(t) = 5*t**2 + 22*t + 3. Let g(f) = -8*p(f) + 3*w(f). Calculate g(6).
-6
Suppose 13 + 5 = -3*x, -2*x = 3*f - 48. Let h(j) = 3*j**2 - 57*j - 59. Give h(f).
1
Let i(h) = 2 + 317358*h**2 + 0 + h - 317426*h**2. What is i(-1)?
-67
Suppose -5*j - 21 = 4*f, -9*j + 174*f = 170*f - 7. Let c(o) = -12*o**2 - 4*o. Calculate c(j).
-8
Let p(m) = 10*m + 46. Let l be p(-5). Let s be (100/(-75))/(l/(-9)). Let v(x) = -8*x - 3. What is v(s)?
21
Let o(d) = 35*d - 181. Suppose y + 3*c - 6 + 13 = 0, 19 = 3*y - c. What is o(y)?
-6
Let o(u) = u + 9. Suppose 3*y + y - 8 = -4*t, -t = 4*y + 1. Let r(d) = -5*d**2 + 3*d + 4. Let v be r(y). Determine o(v).
5
Let f(d) be the first derivative of d**4/8 + 5*d**3/3 + d**2 - 3*d - 99. Let m(u) be the second derivative of f(u). Determine m(-7).
-11
Suppose -25*w - 84 = 57*w + 2*w. Let m(j) = -16*j. What is m(w)?
16
Let r(f) = 43*f + 47. Let x(b) = -8*b + 3. Let p(z) = 2*r(z) + 14*x(z). Calculate p(6).
-20
Let v(i) be the second derivative of i**5/20 + i**4/2 + 5*i**3/3 + 29*i**2/2 - 2487*i. Determine v(-5).
4
Let r(x) = 5. Let h(i) = -i + 8. Let v(n) = -2*h(n) + 9*r(n). What is v(0)?
29
Suppose 10*k - 31 - 19 = 0. Let i(b) = -5 + 38*b**2 - 83*b**2 - k*b + 44*b**2. What is i(-4)?
-1
Suppose 422 - 1292 = -10*q. Let j = q + -81. Let x(d) = 3*d - 13. Let s be x(j). Let o(h) = -h. Give o(s).
-5
Suppose 2*p + 4*h = -12, -p + 2*h + 6 = 2